Last updated on 2024-06-17 05:49:05 CEST.
Flavor | Version | Tinstall | Tcheck | Ttotal | Status | Flags |
---|---|---|---|---|---|---|
r-devel-linux-x86_64-debian-clang | 0.1.2 | 3.32 | 68.86 | 72.18 | NOTE | |
r-devel-linux-x86_64-debian-gcc | 0.1.2 | 3.09 | 50.54 | 53.63 | NOTE | |
r-devel-linux-x86_64-fedora-clang | 0.1.2 | 65.26 | NOTE | |||
r-devel-linux-x86_64-fedora-gcc | 0.1.2 | 99.28 | NOTE | |||
r-devel-windows-x86_64 | 0.1.2 | 5.00 | 76.00 | 81.00 | NOTE | |
r-patched-linux-x86_64 | 0.1.2 | 2.80 | 63.69 | 66.49 | NOTE | |
r-release-linux-x86_64 | 0.1.2 | 2.65 | 65.17 | 67.82 | NOTE | |
r-release-macos-arm64 | 0.1.2 | 41.00 | NOTE | |||
r-release-macos-x86_64 | 0.1.2 | 55.00 | NOTE | |||
r-release-windows-x86_64 | 0.1.2 | 5.00 | 75.00 | 80.00 | NOTE | |
r-oldrel-macos-arm64 | 0.1.2 | 43.00 | OK | |||
r-oldrel-macos-x86_64 | 0.1.2 | 65.00 | OK | |||
r-oldrel-windows-x86_64 | 0.1.2 | 6.00 | 80.00 | 86.00 | OK |
Version: 0.1.2
Check: Rd files
Result: NOTE
checkRd: (-1) format_number.Rd:36: Lost braces in \itemize; meant \describe ?
checkRd: (-1) format_number.Rd:37: Lost braces in \itemize; meant \describe ?
checkRd: (-1) format_number.Rd:38: Lost braces in \itemize; meant \describe ?
Flavors: r-devel-linux-x86_64-debian-clang, r-devel-linux-x86_64-debian-gcc, r-devel-linux-x86_64-fedora-clang, r-devel-linux-x86_64-fedora-gcc, r-devel-windows-x86_64, r-patched-linux-x86_64, r-release-linux-x86_64, r-release-macos-arm64, r-release-macos-x86_64, r-release-windows-x86_64