Last updated on 2024-08-16 12:49:17 CEST.
Flavor | Version | Tinstall | Tcheck | Ttotal | Status | Flags |
---|---|---|---|---|---|---|
r-devel-linux-x86_64-debian-clang | 1.2.1 | 47.60 | 119.25 | 166.85 | OK | |
r-devel-linux-x86_64-debian-gcc | 1.2.1 | 32.10 | 78.15 | 110.25 | OK | |
r-devel-linux-x86_64-fedora-clang | 1.2.1 | 295.20 | NOTE | |||
r-devel-linux-x86_64-fedora-gcc | 1.2.1 | 297.48 | NOTE | |||
r-devel-windows-x86_64 | 1.2.1 | 57.00 | 143.00 | 200.00 | OK | |
r-patched-linux-x86_64 | 1.2.1 | 45.70 | 111.68 | 157.38 | OK | |
r-release-linux-x86_64 | 1.2.1 | 45.44 | 112.33 | 157.77 | OK | |
r-release-macos-arm64 | 1.2.1 | 65.00 | OK | |||
r-release-macos-x86_64 | 1.2.1 | 105.00 | OK | |||
r-release-windows-x86_64 | 1.2.1 | 54.00 | 137.00 | 191.00 | OK | |
r-oldrel-macos-arm64 | 1.2.1 | 86.00 | OK | |||
r-oldrel-macos-x86_64 | 1.2.1 | 131.00 | OK | |||
r-oldrel-windows-x86_64 | 1.2.1 | 63.00 | 176.00 | 239.00 | OK |
Version: 1.2.1
Check: dependencies in R code
Result: NOTE
Namespace in Imports field not imported from: ‘comat’
All declared Imports should be used.
Flavors: r-devel-linux-x86_64-fedora-clang, r-devel-linux-x86_64-fedora-gcc