Last updated on 2024-06-17 05:49:06 CEST.
Flavor | Version | Tinstall | Tcheck | Ttotal | Status | Flags |
---|---|---|---|---|---|---|
r-devel-linux-x86_64-debian-clang | 2.3.0 | 28.30 | 54.04 | 82.34 | OK | |
r-devel-linux-x86_64-debian-gcc | 2.3.0 | 18.72 | 41.50 | 60.22 | OK | |
r-devel-linux-x86_64-fedora-clang | 2.3.0 | 121.40 | NOTE | |||
r-devel-linux-x86_64-fedora-gcc | 2.3.0 | 124.15 | OK | |||
r-devel-windows-x86_64 | 2.3.0 | 30.00 | 85.00 | 115.00 | OK | |
r-patched-linux-x86_64 | 2.3.0 | 26.93 | 54.05 | 80.98 | OK | |
r-release-linux-x86_64 | 2.3.0 | 25.66 | 53.40 | 79.06 | OK | |
r-release-macos-arm64 | 2.3.0 | 45.00 | OK | |||
r-release-macos-x86_64 | 2.3.0 | 60.00 | OK | |||
r-release-windows-x86_64 | 2.3.0 | 29.00 | 86.00 | 115.00 | OK | |
r-oldrel-macos-arm64 | 2.3.0 | 47.00 | OK | |||
r-oldrel-macos-x86_64 | 2.3.0 | 88.00 | OK | |||
r-oldrel-windows-x86_64 | 2.3.0 | 31.00 | 96.00 | 127.00 | OK |
Version: 2.3.0
Check: Rd cross-references
Result: NOTE
Undeclared packages ‘writexl’, ‘openxlsx’ in Rd xrefs
Flavor: r-devel-linux-x86_64-fedora-clang