Last updated on 2024-08-16 12:49:18 CEST.
Flavor | Version | Tinstall | Tcheck | Ttotal | Status | Flags |
---|---|---|---|---|---|---|
r-devel-linux-x86_64-debian-clang | 3.0.2 | 24.55 | 149.09 | 173.64 | NOTE | |
r-devel-linux-x86_64-debian-gcc | 3.0.2 | 16.59 | 106.30 | 122.89 | NOTE | |
r-devel-linux-x86_64-fedora-clang | 3.0.2 | 274.99 | NOTE | |||
r-devel-linux-x86_64-fedora-gcc | 3.0.2 | 255.19 | NOTE | |||
r-devel-windows-x86_64 | 3.0.2 | 24.00 | 138.00 | 162.00 | NOTE | |
r-patched-linux-x86_64 | 3.0.2 | 22.23 | 136.04 | 158.27 | NOTE | |
r-release-linux-x86_64 | 3.0.2 | 22.73 | 136.46 | 159.19 | NOTE | |
r-release-macos-arm64 | 3.0.2 | 66.00 | NOTE | |||
r-release-macos-x86_64 | 3.0.2 | 107.00 | NOTE | |||
r-release-windows-x86_64 | 3.0.2 | 25.00 | 137.00 | 162.00 | NOTE | |
r-oldrel-macos-arm64 | 3.0.2 | 62.00 | OK | |||
r-oldrel-macos-x86_64 | 3.0.2 | 142.00 | OK | |||
r-oldrel-windows-x86_64 | 3.0.2 | 33.00 | 171.00 | 204.00 | OK |
Version: 3.0.2
Check: Rd files
Result: NOTE
checkRd: (-1) app_server.Rd:10: Lost braces; missing escapes or markup?
10 | \item{input, output, session}{Internal parameters for {shiny}.
| ^
Flavors: r-devel-linux-x86_64-debian-clang, r-devel-linux-x86_64-debian-gcc, r-devel-linux-x86_64-fedora-clang, r-devel-linux-x86_64-fedora-gcc, r-devel-windows-x86_64, r-patched-linux-x86_64, r-release-linux-x86_64, r-release-macos-arm64, r-release-macos-x86_64, r-release-windows-x86_64
Version: 3.0.2
Check: Rd cross-references
Result: NOTE
Undeclared packages ‘gbm’, ‘randomForest’ in Rd xrefs
Flavor: r-devel-linux-x86_64-fedora-clang