Last updated on 2024-08-15 13:48:36 CEST.
Flavor | Version | Tinstall | Tcheck | Ttotal | Status | Flags |
---|---|---|---|---|---|---|
r-devel-linux-x86_64-debian-clang | 0.5-1 | 12.17 | 53.49 | 65.66 | NOTE | |
r-devel-linux-x86_64-debian-gcc | 0.5-1 | 6.92 | 38.87 | 45.79 | NOTE | |
r-devel-linux-x86_64-fedora-clang | 0.5-1 | 103.66 | OK | |||
r-devel-linux-x86_64-fedora-gcc | 0.5-1 | 97.75 | OK | |||
r-devel-windows-x86_64 | 0.5-1 | 15.00 | 74.00 | 89.00 | NOTE | |
r-patched-linux-x86_64 | 0.5-1 | 12.63 | 50.54 | 63.17 | OK | |
r-release-linux-x86_64 | 0.5-1 | 10.74 | 50.83 | 61.57 | OK | |
r-release-macos-arm64 | 0.5-1 | 33.00 | OK | |||
r-release-macos-x86_64 | 0.5-1 | 50.00 | OK | |||
r-release-windows-x86_64 | 0.5-1 | 15.00 | 76.00 | 91.00 | OK | |
r-oldrel-macos-arm64 | 0.5-1 | 39.00 | OK | |||
r-oldrel-macos-x86_64 | 0.5-1 | 75.00 | OK | |||
r-oldrel-windows-x86_64 | 0.5-1 | 18.00 | 91.00 | 109.00 | OK |
Version: 0.5-1
Check: Rd cross-references
Result: NOTE
Found the following Rd file(s) with Rd \link{} targets missing package
anchors:
CovNA-class.Rd: Cov-class
CovNAClassic.Rd: Cov-class, CovClassic-class
CovNAMcd-class.Rd: CovRobust-class, Cov-class, CovMcd
CovNAMcd.Rd: CovControlMcd-class, CovMcd-class
CovNAOgk-class.Rd: CovRobust-class, Cov-class, CovMcd-class,
CovMest-class
CovNAOgk.Rd: CovControlOgk-class, CovControlOgk
CovNARobust-class.Rd: Cov-class, CovRobust-class
CovNARobust.Rd: CovControlMcd-class, CovControlOgk-class,
CovControlSest-class
CovNASde-class.Rd: CovRobust-class, Cov-class, CovSde
CovNASde.Rd: CovControlSde-class
CovNASest-class.Rd: CovRobust-class, Cov-class, CovSest
CovNASest.Rd: CovControlSest-class
PcaNA-class.Rd: Pca-class, PcaRobust-class, PcaClassic,
PcaClassic-class
PcaNA.Rd: Pca-class
SummaryCovNARobust-class.Rd: CovRobust-class, SummaryCov-class
impnorm.Rd: prelim.norm, makeparam.norm, rngseed
Please provide package anchors for all Rd \link{} targets not in the
package itself and the base packages.
Flavors: r-devel-linux-x86_64-debian-clang, r-devel-linux-x86_64-debian-gcc, r-devel-windows-x86_64