Last updated on 2024-08-16 12:49:19 CEST.
Flavor | Version | Tinstall | Tcheck | Ttotal | Status | Flags |
---|---|---|---|---|---|---|
r-devel-linux-x86_64-debian-clang | 2.1.2 | 36.41 | 272.93 | 309.34 | OK | |
r-devel-linux-x86_64-debian-gcc | 2.1.2 | 23.74 | 176.79 | 200.53 | OK | |
r-devel-linux-x86_64-fedora-clang | 2.1.2 | 500.61 | NOTE | |||
r-devel-linux-x86_64-fedora-gcc | 2.1.2 | 489.60 | OK | |||
r-devel-windows-x86_64 | 2.1.2 | 37.00 | 291.00 | 328.00 | OK | |
r-patched-linux-x86_64 | 2.1.2 | 38.61 | 255.19 | 293.80 | OK | |
r-release-linux-x86_64 | 2.1.2 | 34.76 | 252.20 | 286.96 | OK | |
r-release-macos-arm64 | 2.1.2 | 118.00 | NOTE | |||
r-release-macos-x86_64 | 2.1.2 | 195.00 | OK | |||
r-release-windows-x86_64 | 2.1.2 | 36.00 | 290.00 | 326.00 | OK | |
r-oldrel-macos-arm64 | 2.1.2 | 138.00 | NOTE | |||
r-oldrel-macos-x86_64 | 2.1.2 | 285.00 | NOTE | |||
r-oldrel-windows-x86_64 | 2.1.2 | 49.00 | 387.00 | 436.00 | OK |
Version: 2.1.2
Check: package dependencies
Result: NOTE
Imports includes 28 non-default packages.
Importing from so many packages makes the package vulnerable to any of
them becoming unavailable. Move as many as possible to Suggests and
use conditionally.
Flavor: r-devel-linux-x86_64-fedora-clang
Version: 2.1.2
Check: package dependencies
Result: NOTE
Packages suggested but not available for checking:
'dittoSeq', 'DropletUtils', 'Nebulosa'
Flavors: r-release-macos-arm64, r-oldrel-macos-arm64, r-oldrel-macos-x86_64
Version: 2.1.2
Check: Rd cross-references
Result: NOTE
Packages unavailable to check Rd xrefs: ‘DropletUtils’, ‘Nebulosa’
Flavors: r-release-macos-arm64, r-oldrel-macos-arm64, r-oldrel-macos-x86_64