Last updated on 2024-08-16 12:49:20 CEST.
Flavor | Version | Tinstall | Tcheck | Ttotal | Status | Flags |
---|---|---|---|---|---|---|
r-devel-linux-x86_64-debian-clang | 3.2.4 | 8.43 | 20.79 | 29.22 | NOTE | |
r-devel-linux-x86_64-debian-gcc | 3.2.4 | 8.18 | 16.75 | 24.93 | NOTE | |
r-devel-linux-x86_64-fedora-clang | 3.2.4 | 46.75 | NOTE | |||
r-devel-linux-x86_64-fedora-gcc | 3.2.4 | 52.91 | NOTE | |||
r-devel-windows-x86_64 | 3.2.4 | 30.00 | 46.00 | 76.00 | NOTE | |
r-patched-linux-x86_64 | 3.2.4 | 11.29 | 19.87 | 31.16 | NOTE | |
r-release-linux-x86_64 | 3.2.4 | 10.99 | 20.23 | 31.22 | NOTE | |
r-release-macos-arm64 | 3.2.4 | 20.00 | NOTE | |||
r-release-macos-x86_64 | 3.2.4 | 34.00 | NOTE | |||
r-release-windows-x86_64 | 3.2.4 | 34.00 | 45.00 | 79.00 | NOTE | |
r-oldrel-macos-arm64 | 3.2.4 | 22.00 | NOTE | |||
r-oldrel-macos-x86_64 | 3.2.4 | 30.00 | NOTE | |||
r-oldrel-windows-x86_64 | 3.2.4 | 30.00 | 47.00 | 77.00 | NOTE |
Version: 3.2.4
Check: for GNU extensions in Makefiles
Result: NOTE
GNU make is a SystemRequirements.
Flavors: r-devel-linux-x86_64-debian-clang, r-devel-linux-x86_64-debian-gcc, r-devel-linux-x86_64-fedora-clang, r-devel-linux-x86_64-fedora-gcc, r-devel-windows-x86_64, r-patched-linux-x86_64, r-release-linux-x86_64, r-release-macos-arm64, r-release-macos-x86_64, r-release-windows-x86_64, r-oldrel-macos-arm64, r-oldrel-macos-x86_64, r-oldrel-windows-x86_64