Last updated on 2024-08-16 12:49:20 CEST.
Flavor | Version | Tinstall | Tcheck | Ttotal | Status | Flags |
---|---|---|---|---|---|---|
r-devel-linux-x86_64-debian-clang | 0.2.0 | 58.01 | 35.93 | 93.94 | NOTE | |
r-devel-linux-x86_64-debian-gcc | 0.2.0 | 43.78 | 25.50 | 69.28 | NOTE | |
r-devel-linux-x86_64-fedora-clang | 0.2.0 | 166.27 | NOTE | |||
r-devel-linux-x86_64-fedora-gcc | 0.2.0 | 184.55 | NOTE | |||
r-devel-windows-x86_64 | 0.2.0 | 62.00 | 73.00 | 135.00 | NOTE | |
r-patched-linux-x86_64 | 0.2.0 | 63.88 | 33.73 | 97.61 | NOTE | |
r-release-linux-x86_64 | 0.2.0 | 63.25 | 33.65 | 96.90 | NOTE | |
r-release-macos-arm64 | 0.2.0 | 39.00 | NOTE | |||
r-release-macos-x86_64 | 0.2.0 | 48.00 | NOTE | |||
r-release-windows-x86_64 | 0.2.0 | 61.00 | 74.00 | 135.00 | NOTE | |
r-oldrel-macos-arm64 | 0.2.0 | 51.00 | NOTE | |||
r-oldrel-macos-x86_64 | 0.2.0 | 80.00 | NOTE | |||
r-oldrel-windows-x86_64 | 0.2.0 | 74.00 | 88.00 | 162.00 | NOTE |
Version: 0.2.0
Check: C++ specification
Result: NOTE
Specified C++11: please drop specification unless essential
Flavors: r-devel-linux-x86_64-debian-clang, r-devel-linux-x86_64-debian-gcc, r-devel-linux-x86_64-fedora-clang, r-devel-linux-x86_64-fedora-gcc, r-devel-windows-x86_64, r-patched-linux-x86_64, r-release-linux-x86_64, r-release-macos-arm64, r-release-macos-x86_64, r-release-windows-x86_64, r-oldrel-macos-arm64, r-oldrel-macos-x86_64, r-oldrel-windows-x86_64
Version: 0.2.0
Check: Rd cross-references
Result: NOTE
Found the following Rd file(s) with Rd \link{} targets missing package
anchors:
shrinkDSM.Rd: shrinkTVP
Please provide package anchors for all Rd \link{} targets not in the
package itself and the base packages.
Flavors: r-devel-linux-x86_64-debian-clang, r-devel-linux-x86_64-debian-gcc, r-devel-windows-x86_64
Version: 0.2.0
Check: installed package size
Result: NOTE
installed size is 5.1Mb
sub-directories of 1Mb or more:
libs 4.9Mb
Flavors: r-release-macos-arm64, r-release-macos-x86_64, r-oldrel-macos-arm64, r-oldrel-macos-x86_64