Last updated on 2024-08-16 12:49:21 CEST.
Flavor | Version | Tinstall | Tcheck | Ttotal | Status | Flags |
---|---|---|---|---|---|---|
r-devel-linux-x86_64-debian-clang | 0.1.0 | 41.51 | 47.50 | 89.01 | NOTE | |
r-devel-linux-x86_64-debian-gcc | 0.1.0 | 26.79 | 31.17 | 57.96 | NOTE | |
r-devel-linux-x86_64-fedora-clang | 0.1.0 | 176.18 | NOTE | |||
r-devel-linux-x86_64-fedora-gcc | 0.1.0 | 161.65 | NOTE | |||
r-devel-windows-x86_64 | 0.1.0 | 49.00 | 82.00 | 131.00 | NOTE | |
r-patched-linux-x86_64 | 0.1.0 | 37.48 | 44.20 | 81.68 | NOTE | |
r-release-linux-x86_64 | 0.1.0 | 39.70 | 44.49 | 84.19 | NOTE | |
r-release-macos-arm64 | 0.1.0 | 40.00 | NOTE | |||
r-release-macos-x86_64 | 0.1.0 | 55.00 | NOTE | |||
r-release-windows-x86_64 | 0.1.0 | 50.00 | 85.00 | 135.00 | NOTE | |
r-oldrel-macos-arm64 | 0.1.0 | 44.00 | NOTE | |||
r-oldrel-macos-x86_64 | 0.1.0 | 82.00 | NOTE | |||
r-oldrel-windows-x86_64 | 0.1.0 | 59.00 | 100.00 | 159.00 | NOTE |
Version: 0.1.0
Check: C++ specification
Result: NOTE
Specified C++11: please drop specification unless essential
Flavors: r-devel-linux-x86_64-debian-clang, r-devel-linux-x86_64-debian-gcc, r-devel-linux-x86_64-fedora-clang, r-devel-linux-x86_64-fedora-gcc, r-devel-windows-x86_64, r-patched-linux-x86_64, r-release-linux-x86_64, r-release-macos-arm64, r-release-macos-x86_64, r-release-windows-x86_64, r-oldrel-macos-arm64, r-oldrel-macos-x86_64, r-oldrel-windows-x86_64