Last updated on 2024-08-16 12:49:21 CEST.
Flavor | Version | Tinstall | Tcheck | Ttotal | Status | Flags |
---|---|---|---|---|---|---|
r-devel-linux-x86_64-debian-clang | 0.1.0 | 57.35 | 65.11 | 122.46 | NOTE | |
r-devel-linux-x86_64-debian-gcc | 0.1.0 | 39.42 | 48.03 | 87.45 | NOTE | |
r-devel-linux-x86_64-fedora-clang | 0.1.0 | 217.86 | NOTE | |||
r-devel-linux-x86_64-fedora-gcc | 0.1.0 | 216.27 | NOTE | |||
r-devel-windows-x86_64 | 0.1.0 | 61.00 | 91.00 | 152.00 | NOTE | |
r-patched-linux-x86_64 | 0.1.0 | 55.46 | 61.48 | 116.94 | NOTE | |
r-release-linux-x86_64 | 0.1.0 | 57.38 | 62.07 | 119.45 | NOTE | |
r-release-macos-arm64 | 0.1.0 | 52.00 | NOTE | |||
r-release-macos-x86_64 | 0.1.0 | 68.00 | NOTE | |||
r-release-windows-x86_64 | 0.1.0 | 62.00 | 95.00 | 157.00 | NOTE | |
r-oldrel-macos-arm64 | 0.1.0 | 62.00 | NOTE | |||
r-oldrel-macos-x86_64 | 0.1.0 | 104.00 | NOTE | |||
r-oldrel-windows-x86_64 | 0.1.0 | 72.00 | 116.00 | 188.00 | NOTE |
Version: 0.1.0
Check: C++ specification
Result: NOTE
Specified C++11: please drop specification unless essential
Flavors: r-devel-linux-x86_64-debian-clang, r-devel-linux-x86_64-debian-gcc, r-devel-linux-x86_64-fedora-clang, r-devel-linux-x86_64-fedora-gcc, r-devel-windows-x86_64, r-patched-linux-x86_64, r-release-linux-x86_64, r-release-macos-arm64, r-release-macos-x86_64, r-release-windows-x86_64, r-oldrel-macos-arm64, r-oldrel-macos-x86_64, r-oldrel-windows-x86_64