Last updated on 2024-06-17 05:49:09 CEST.
Flavor | Version | Tinstall | Tcheck | Ttotal | Status | Flags |
---|---|---|---|---|---|---|
r-devel-linux-x86_64-debian-clang | 1.3-5 | 31.12 | 294.16 | 325.28 | OK | |
r-devel-linux-x86_64-debian-gcc | 1.3-5 | 20.94 | 217.75 | 238.69 | OK | |
r-devel-linux-x86_64-fedora-clang | 1.3-5 | 387.25 | NOTE | |||
r-devel-linux-x86_64-fedora-gcc | 1.3-5 | 371.41 | OK | |||
r-devel-windows-x86_64 | 1.3-5 | 32.00 | 259.00 | 291.00 | NOTE | |
r-patched-linux-x86_64 | 1.3-5 | 31.89 | 287.44 | 319.33 | OK | |
r-release-linux-x86_64 | 1.3-5 | 24.57 | 286.47 | 311.04 | OK | |
r-release-macos-arm64 | 1.3-5 | 114.00 | NOTE | |||
r-release-macos-x86_64 | 1.3-5 | 327.00 | NOTE | |||
r-release-windows-x86_64 | 1.3-5 | 31.00 | 248.00 | 279.00 | NOTE | |
r-oldrel-macos-arm64 | 1.3-5 | 125.00 | NOTE | |||
r-oldrel-macos-x86_64 | 1.3-5 | 234.00 | NOTE | |||
r-oldrel-windows-x86_64 | 1.3-5 | 36.00 | 324.00 | 360.00 | NOTE |
Version: 1.3-5
Check: installed package size
Result: NOTE
installed size is 8.2Mb
sub-directories of 1Mb or more:
doc 5.3Mb
etc 1.4Mb
Flavors: r-devel-linux-x86_64-fedora-clang, r-devel-windows-x86_64, r-release-macos-arm64, r-release-macos-x86_64, r-release-windows-x86_64, r-oldrel-macos-arm64, r-oldrel-macos-x86_64, r-oldrel-windows-x86_64