Last updated on 2024-08-16 12:49:21 CEST.
Flavor | Version | Tinstall | Tcheck | Ttotal | Status | Flags |
---|---|---|---|---|---|---|
r-devel-linux-x86_64-debian-clang | 0.3.0 | 78.92 | 161.79 | 240.71 | OK | |
r-devel-linux-x86_64-debian-gcc | 0.3.0 | 55.70 | 113.93 | 169.63 | OK | |
r-devel-linux-x86_64-fedora-clang | 0.3.0 | 419.49 | OK | |||
r-devel-linux-x86_64-fedora-gcc | 0.3.0 | 425.80 | OK | |||
r-devel-windows-x86_64 | 0.3.0 | 81.00 | 201.00 | 282.00 | OK | |
r-patched-linux-x86_64 | 0.3.0 | 75.91 | 157.57 | 233.48 | OK | |
r-release-linux-x86_64 | 0.3.0 | 77.51 | 161.58 | 239.09 | OK | |
r-release-macos-arm64 | 0.3.0 | 100.00 | NOTE | |||
r-release-macos-x86_64 | 0.3.0 | 138.00 | NOTE | |||
r-release-windows-x86_64 | 0.3.0 | 86.00 | 203.00 | 289.00 | OK | |
r-oldrel-macos-arm64 | 0.3.0 | 104.00 | NOTE | |||
r-oldrel-macos-x86_64 | 0.3.0 | 200.00 | NOTE | |||
r-oldrel-windows-x86_64 | 0.3.0 | 103.00 | 269.00 | 372.00 | OK |
Version: 0.3.0
Check: installed package size
Result: NOTE
installed size is 13.4Mb
sub-directories of 1Mb or more:
data 1.1Mb
help 1.1Mb
libs 10.9Mb
Flavors: r-release-macos-arm64, r-release-macos-x86_64, r-oldrel-macos-arm64, r-oldrel-macos-x86_64