Last updated on 2024-06-17 05:49:10 CEST.
Flavor | Version | Tinstall | Tcheck | Ttotal | Status | Flags |
---|---|---|---|---|---|---|
r-devel-linux-x86_64-debian-clang | 0.1.0 | 17.39 | 278.67 | 296.06 | OK | |
r-devel-linux-x86_64-debian-gcc | 0.1.0 | 12.73 | 212.83 | 225.56 | OK | |
r-devel-linux-x86_64-fedora-clang | 0.1.0 | 370.43 | OK | |||
r-devel-linux-x86_64-fedora-gcc | 0.1.0 | 367.99 | OK | |||
r-devel-windows-x86_64 | 0.1.0 | 13.00 | 232.00 | 245.00 | OK | |
r-patched-linux-x86_64 | 0.1.0 | 14.37 | 267.76 | 282.13 | OK | |
r-release-linux-x86_64 | 0.1.0 | 10.59 | 265.74 | 276.33 | OK | |
r-release-macos-arm64 | 0.1.0 | 107.00 | OK | |||
r-release-macos-x86_64 | 0.1.0 | 171.00 | NOTE | |||
r-release-windows-x86_64 | 0.1.0 | 15.00 | 246.00 | 261.00 | OK | |
r-oldrel-macos-arm64 | 0.1.0 | 103.00 | NOTE | |||
r-oldrel-macos-x86_64 | 0.1.0 | 174.00 | NOTE | |||
r-oldrel-windows-x86_64 | 0.1.0 | 20.00 | 292.00 | 312.00 | OK |
Version: 0.1.0
Check: installed package size
Result: NOTE
installed size is 5.1Mb
sub-directories of 1Mb or more:
data 3.1Mb
doc 1.3Mb
Flavors: r-release-macos-x86_64, r-oldrel-macos-arm64, r-oldrel-macos-x86_64