Last updated on 2024-08-16 12:49:22 CEST.
Flavor | Version | Tinstall | Tcheck | Ttotal | Status | Flags |
---|---|---|---|---|---|---|
r-devel-linux-x86_64-debian-clang | 0.2.0 | 27.61 | 61.57 | 89.18 | OK | |
r-devel-linux-x86_64-debian-gcc | 0.2.0 | 21.79 | 45.28 | 67.07 | OK | |
r-devel-linux-x86_64-fedora-clang | 0.2.0 | 174.63 | NOTE | |||
r-devel-linux-x86_64-fedora-gcc | 0.2.0 | 169.21 | NOTE | |||
r-devel-windows-x86_64 | 0.2.0 | 35.00 | 89.00 | 124.00 | OK | |
r-patched-linux-x86_64 | 0.2.0 | 32.61 | 58.71 | 91.32 | OK | |
r-release-linux-x86_64 | 0.2.0 | 29.78 | 59.11 | 88.89 | OK | |
r-release-macos-arm64 | 0.2.0 | 45.00 | OK | |||
r-release-macos-x86_64 | 0.2.0 | 58.00 | OK | |||
r-release-windows-x86_64 | 0.2.0 | 37.00 | 94.00 | 131.00 | OK | |
r-oldrel-macos-arm64 | 0.2.0 | 52.00 | OK | |||
r-oldrel-macos-x86_64 | 0.2.0 | 80.00 | OK | |||
r-oldrel-windows-x86_64 | 0.2.0 | 46.00 | 111.00 | 157.00 | OK |
Version: 0.2.0
Check: compiled code
Result: NOTE
File ‘testforDEP/libs/testforDEP.so’:
Found no calls to: ‘R_registerRoutines’, ‘R_useDynamicSymbols’
It is good practice to register native routines and to disable symbol
search.
See ‘Writing portable packages’ in the ‘Writing R Extensions’ manual.
Flavors: r-devel-linux-x86_64-fedora-clang, r-devel-linux-x86_64-fedora-gcc