Last updated on 2024-06-17 05:49:10 CEST.
Flavor | Version | Tinstall | Tcheck | Ttotal | Status | Flags |
---|---|---|---|---|---|---|
r-devel-linux-x86_64-debian-clang | 1.0.2 | 22.87 | 671.97 | 694.84 | OK | |
r-devel-linux-x86_64-debian-gcc | 1.0.2 | 17.23 | 461.72 | 478.95 | OK | |
r-devel-linux-x86_64-fedora-clang | 1.0.2 | 814.47 | OK | |||
r-devel-linux-x86_64-fedora-gcc | 1.0.2 | 797.26 | OK | |||
r-devel-windows-x86_64 | 1.0.2 | 19.00 | 420.00 | 439.00 | OK | |
r-patched-linux-x86_64 | 1.0.2 | 26.97 | 623.81 | 650.78 | OK | |
r-release-linux-x86_64 | 1.0.2 | 18.82 | 636.65 | 655.47 | OK | |
r-release-macos-arm64 | 1.0.2 | 193.00 | OK | |||
r-release-macos-x86_64 | 1.0.2 | 320.00 | OK | |||
r-release-windows-x86_64 | 1.0.2 | 22.00 | 436.00 | 458.00 | OK | |
r-oldrel-macos-arm64 | 1.0.2 | 205.00 | OK | |||
r-oldrel-macos-x86_64 | 1.0.2 | 535.00 | NOTE | |||
r-oldrel-windows-x86_64 | 1.0.2 | 26.00 | 580.00 | 606.00 | OK |
Version: 1.0.2
Check: package dependencies
Result: NOTE
Package suggested but not available for checking: ‘ggplot2’
Flavor: r-oldrel-macos-x86_64