Last updated on 2024-06-17 05:49:11 CEST.
Flavor | Version | Tinstall | Tcheck | Ttotal | Status | Flags |
---|---|---|---|---|---|---|
r-devel-linux-x86_64-debian-clang | 1.6.1 | 12.60 | 175.37 | 187.97 | OK | |
r-devel-linux-x86_64-debian-gcc | 1.6.1 | 8.19 | 136.31 | 144.50 | OK | |
r-devel-linux-x86_64-fedora-clang | 1.6.1 | 243.72 | NOTE | |||
r-devel-linux-x86_64-fedora-gcc | 1.6.1 | 241.58 | OK | |||
r-devel-windows-x86_64 | 1.6.1 | 13.00 | 151.00 | 164.00 | NOTE | |
r-patched-linux-x86_64 | 1.6.1 | 12.38 | 176.42 | 188.80 | OK | |
r-release-linux-x86_64 | 1.6.1 | 10.40 | 174.65 | 185.05 | OK | |
r-release-macos-arm64 | 1.6.1 | 73.00 | NOTE | |||
r-release-macos-x86_64 | 1.6.1 | 112.00 | NOTE | |||
r-release-windows-x86_64 | 1.6.1 | 13.00 | 157.00 | 170.00 | NOTE | |
r-oldrel-macos-arm64 | 1.6.1 | 91.00 | NOTE | |||
r-oldrel-macos-x86_64 | 1.6.1 | 156.00 | NOTE | |||
r-oldrel-windows-x86_64 | 1.6.1 | 16.00 | 184.00 | 200.00 | NOTE |
Version: 1.6.1
Check: installed package size
Result: NOTE
installed size is 6.9Mb
sub-directories of 1Mb or more:
doc 2.0Mb
extdata 4.5Mb
Flavors: r-devel-linux-x86_64-fedora-clang, r-devel-windows-x86_64, r-release-macos-arm64, r-release-macos-x86_64, r-release-windows-x86_64, r-oldrel-macos-arm64, r-oldrel-macos-x86_64, r-oldrel-windows-x86_64