Last updated on 2024-06-17 05:49:11 CEST.
Flavor | Version | Tinstall | Tcheck | Ttotal | Status | Flags |
---|---|---|---|---|---|---|
r-devel-linux-x86_64-debian-clang | 1.2.1 | 7.34 | 36.61 | 43.95 | NOTE | |
r-devel-linux-x86_64-debian-gcc | 1.2.1 | 6.09 | 27.94 | 34.03 | NOTE | |
r-devel-linux-x86_64-fedora-clang | 1.2.1 | 61.00 | NOTE | |||
r-devel-linux-x86_64-fedora-gcc | 1.2.1 | 57.30 | NOTE | |||
r-devel-windows-x86_64 | 1.2.1 | 10.00 | 53.00 | 63.00 | NOTE | |
r-patched-linux-x86_64 | 1.2.1 | 8.11 | 36.47 | 44.58 | NOTE | |
r-release-linux-x86_64 | 1.2.1 | 7.51 | 36.19 | 43.70 | NOTE | |
r-release-macos-arm64 | 1.2.1 | 23.00 | NOTE | |||
r-release-macos-x86_64 | 1.2.1 | 31.00 | NOTE | |||
r-release-windows-x86_64 | 1.2.1 | 10.00 | 56.00 | 66.00 | NOTE | |
r-oldrel-macos-arm64 | 1.2.1 | 24.00 | NOTE | |||
r-oldrel-macos-x86_64 | 1.2.1 | 33.00 | NOTE | |||
r-oldrel-windows-x86_64 | 1.2.1 | 11.00 | 60.00 | 71.00 | NOTE |
Version: 1.2.1
Check: C++ specification
Result: NOTE
Specified C++11: please drop specification unless essential
Flavors: r-devel-linux-x86_64-debian-clang, r-devel-linux-x86_64-debian-gcc, r-devel-linux-x86_64-fedora-clang, r-devel-linux-x86_64-fedora-gcc, r-devel-windows-x86_64, r-patched-linux-x86_64, r-release-linux-x86_64, r-release-macos-arm64, r-release-macos-x86_64, r-release-windows-x86_64, r-oldrel-macos-arm64, r-oldrel-macos-x86_64, r-oldrel-windows-x86_64
Version: 1.2.1
Check: compiled code
Result: NOTE
File ‘triangulr/libs/triangulr.so’:
Found non-API calls to R: ‘SETLENGTH’, ‘SET_TRUELENGTH’
Compiled code should not call non-API entry points in R.
See ‘Writing portable packages’ in the ‘Writing R Extensions’ manual.
Flavor: r-devel-linux-x86_64-debian-clang
Version: 1.2.1
Check: compiled code
Result: NOTE
File ‘triangulr/libs/triangulr.so’:
Found non-API calls to R: ‘SETLENGTH’, ‘SET_GROWABLE_BIT’,
‘SET_TRUELENGTH’
Compiled code should not call non-API entry points in R.
See ‘Writing portable packages’ in the ‘Writing R Extensions’ manual.
Flavors: r-devel-linux-x86_64-debian-gcc, r-devel-linux-x86_64-fedora-clang, r-devel-linux-x86_64-fedora-gcc
Version: 1.2.1
Check: compiled code
Result: NOTE
File 'triangulr/libs/x64/triangulr.dll':
Found non-API calls to R: 'SETLENGTH', 'SET_GROWABLE_BIT',
'SET_TRUELENGTH'
Compiled code should not call non-API entry points in R.
See 'Writing portable packages' in the 'Writing R Extensions' manual.
Flavor: r-devel-windows-x86_64