Last updated on 2024-08-16 12:49:23 CEST.
Flavor | Version | Tinstall | Tcheck | Ttotal | Status | Flags |
---|---|---|---|---|---|---|
r-devel-linux-x86_64-debian-clang | 0.1.1 | 6.49 | 50.28 | 56.77 | NOTE | |
r-devel-linux-x86_64-debian-gcc | 0.1.1 | 5.24 | 38.29 | 43.53 | NOTE | |
r-devel-linux-x86_64-fedora-clang | 0.1.1 | 92.31 | NOTE | |||
r-devel-linux-x86_64-fedora-gcc | 0.1.1 | 90.70 | NOTE | |||
r-devel-windows-x86_64 | 0.1.1 | 9.00 | 66.00 | 75.00 | NOTE | |
r-patched-linux-x86_64 | 0.1.1 | 6.39 | 48.32 | 54.71 | NOTE | |
r-release-linux-x86_64 | 0.1.1 | 5.74 | 48.46 | 54.20 | NOTE | |
r-release-macos-arm64 | 0.1.1 | 29.00 | NOTE | |||
r-release-macos-x86_64 | 0.1.1 | 42.00 | NOTE | |||
r-release-windows-x86_64 | 0.1.1 | 7.00 | 66.00 | 73.00 | NOTE | |
r-oldrel-macos-arm64 | 0.1.1 | 31.00 | NOTE | |||
r-oldrel-macos-x86_64 | 0.1.1 | 51.00 | NOTE | |||
r-oldrel-windows-x86_64 | 0.1.1 | 9.00 | 76.00 | 85.00 | NOTE |
Version: 0.1.1
Check: LazyData
Result: NOTE
'LazyData' is specified without a 'data' directory
Flavors: r-devel-linux-x86_64-debian-clang, r-devel-linux-x86_64-debian-gcc, r-devel-linux-x86_64-fedora-clang, r-devel-linux-x86_64-fedora-gcc, r-devel-windows-x86_64, r-patched-linux-x86_64, r-release-linux-x86_64, r-release-macos-arm64, r-release-macos-x86_64, r-release-windows-x86_64, r-oldrel-macos-arm64, r-oldrel-macos-x86_64, r-oldrel-windows-x86_64