Last updated on 2024-06-17 05:49:11 CEST.
Flavor | Version | Tinstall | Tcheck | Ttotal | Status | Flags |
---|---|---|---|---|---|---|
r-devel-linux-x86_64-debian-clang | 0.9.12 | 8.70 | 121.06 | 129.76 | OK | |
r-devel-linux-x86_64-debian-gcc | 0.9.12 | 7.27 | 90.24 | 97.51 | OK | |
r-devel-linux-x86_64-fedora-clang | 0.9.12 | 167.61 | OK | |||
r-devel-linux-x86_64-fedora-gcc | 0.9.12 | 166.86 | OK | |||
r-devel-windows-x86_64 | 0.9.12 | 8.00 | 134.00 | 142.00 | OK | |
r-patched-linux-x86_64 | 0.9.12 | 10.65 | 115.81 | 126.46 | OK | |
r-release-linux-x86_64 | 0.9.12 | 5.85 | 116.59 | 122.44 | OK | |
r-release-macos-arm64 | 0.9.12 | 46.00 | ERROR | |||
r-release-macos-x86_64 | 0.9.12 | 67.00 | ERROR | |||
r-release-windows-x86_64 | 0.9.12 | 9.00 | 133.00 | 142.00 | OK | |
r-oldrel-macos-arm64 | 0.9.12 | 72.00 | OK | |||
r-oldrel-macos-x86_64 | 0.9.12 | 139.00 | OK | |||
r-oldrel-windows-x86_64 | 0.9.12 | 12.00 | 149.00 | 161.00 | OK |
Version: 0.9.12
Check: re-building of vignette outputs
Result: ERROR
Error(s) in re-building vignettes:
...
--- re-building ‘vegdata.Rnw’ using knitr
Quitting from lines 142-143 [tax] (vegdata.Rnw)
Error: processing vignette 'vegdata.Rnw' failed with diagnostics:
Timeout was reached: [germansl.infinitenature.org] Resolving timed out after 10004 milliseconds
--- failed re-building ‘vegdata.Rnw’
SUMMARY: processing the following file failed:
‘vegdata.Rnw’
Error: Vignette re-building failed.
Execution halted
Flavor: r-release-macos-arm64
Version: 0.9.12
Check: re-building of vignette outputs
Result: ERROR
Error(s) in re-building vignettes:
...
--- re-building ‘vegdata.Rnw’ using knitr
Quitting from lines 142-143 [tax] (vegdata.Rnw)
Error: processing vignette 'vegdata.Rnw' failed with diagnostics:
Timeout was reached: [germansl.infinitenature.org] Resolving timed out after 10003 milliseconds
--- failed re-building ‘vegdata.Rnw’
SUMMARY: processing the following file failed:
‘vegdata.Rnw’
Error: Vignette re-building failed.
Execution halted
Flavor: r-release-macos-x86_64